o base 4
-1003232323
Convert 45665346 (base 8) to base 7.
150226624
Convert 29773 (base 10) to base 9.
44751
422242332 (base 5) to base 3
10022101000120
-33203301 (base 6) to base 16
-f32f5
31717738 (base 9) to base 16
e98ce5
Convert -211002321 (base 4) to base 6.
-3130253
What is -7e94 (base 16) in base 11?
-22389
-33511101 (base 6) to base 15
-15243a
Convert 6427731 (base 9) to base 10.
3443662
What is -4124514 (base 6) in base 3?
-101001200001
Convert -1245747 (base 8) to base 10.
-347111
What is -3022003031 (base 4) in base 2?
-11001010000011001101
1c729b (base 13) to base 3
1101002012020
-48a5216 (base 11) to base 13
-19c7852
What is -11555244 (base 6) in base 5?
-43420012
Convert 145021345 (base 6) to base 12.
1024855
Convert -560636 (base 7) to base 6.
-2041122
6637772 (base 8) to base 12
72158a
What is -311020540 (base 6) in base 3?
-101002201211120
Convert -100112222121 (base 4) to base 10.
-4287129
Convert 10111001011110001000010 (base 2) to base 15.
800b21
Convert 69a73 (base 11) to base 13.
37041
What is -2200112101001 (base 3) in base 12?
-58a231
Convert -21212221 (base 4) to base 16.
-99a9
What is -b0129 (base 13) in base 16?
-4cc07
What is -513455201 (base 6) in base 14?
-126794d
24314423 (base 5) to base 9
378557
What is -2201525 (base 6) in base 13?
-3a97c
-762d6 (base 15) to base 5
-44002101
Convert 243717 (base 9) to base 15.
2d8c7
What is 431611 (base 14) in base 11?
1310932
What is -10021121212022 (base 3) in base 8?
-6517015
What is -58747 (base 14) in base 13?
-770c5
-865278 (base 13) to base 15
-4243dc
What is 33301332 (base 5) in base 12?
12038a
-1000001000000010 (base 2) to base 15
-9cdc
Convert 956fb (base 16) to base 8.
2253373
What is -85613a (base 11) in base 2?
-101001110011010100011
What is 100011001101111111011 (base 2) in base 6?
40422443
71b24 (base 14) to base 3
111220122101
1260c44 (base 14) to base 11
4a9720a
What is 903663 (base 10) in base 15?
12cb43
-12320306 (base 7) to base 15
-170212
1000011010200 (base 3) to base 11
3355aa
-2597c (base 15) to base 2
-11101010111001011
Convert -222433100 (base 5) to base 9.
-1758125
Convert 10264101 (base 8) to base 2.
1000010110100001000001
Convert 72036 (base 8) to base 13.
106b8
What is -133201212 (base 4) in base 14?
-350b4
What is 4012123 (base 5) in base 16?
f7b5
Convert 1ad8a5 (base 14) to base 9.
1722005
What is 12413303 (base 7) in base 3?
2010101120212
What is 21201201021 (base 3) in base 6?
3132224
-477a09 (base 12) to base 7
-12544335
What is -1344401242 (base 5) in base 6?
-203142253
Convert 1034410045 (base 6) to base 2.
101010011110111000101101
What is -110120010 (base 6) in base 5?
-1001014201
766331 (base 9) to base 2
1101111101010001010
-210011201011 (base 3) to base 10
-416776
303300 (base 6) to base 12
11b30
Convert -122120111012 (base 3) to base 10.
-345902
-6408270 (base 9) to base 14
-654483
Convert -504234 (base 15) to base 2.
-1110100010011000111010
Convert -a7abc (base 16) to base 7.
-5560163
What is -87843 (base 10) in base 16?
-15723
What is 1c7bc (base 15) in base 5?
10433002
What is -c88678 (base 15) in base 8?
-44324353
300022 (base 8) to base 15
1e1ec
What is 5032366 (base 8) in base 4?
11003103312
What is c35e (base 16) in base 5?
3100024
50c03b (base 14) to base 16
298935
What is -253b0e (base 15) in base 8?
-6635251
Convert 853389 (base 10) to base 14.
183005
Convert -3a0355 (base 11) to base 4.
-2121303202
-1212032 (base 5) to base 15
-6b2c
-238651 (base 12) to base 6
-20152141
-312112331 (base 4) to base 3
-102022102102
What is 10001000111011110111110 (base 2) in base 5?
2122041402
What is 11200300201 (base 4) in base 14?
2987cd
Convert -10c57 (base 16) to base 4.
-100301113
Convert -3220320 (base 4) to base 8.
-35070
1b3479 (base 12) to base 11
2aa7a2
Convert -1542510 (base 9) to base 13.
-23c100
Convert -3220334220 (base 5) to base 16.
-67e46d
What is 112303113 (base 4) in base 9?
152106
Convert 1188b6 (base 14) to base 5.
123144140
Convert 101000010000000011 (base 2) to base 6.
3311135
What is -8a61 (base 16) in base 7?
-205165
Convert 1763301 (base 9) to base 12.
3b6b31
179503b (base 13) to base 14
1043cb6
What is c8dea (base 16) in base 7?
6664503
What is -2a3769 (base 12) in base 2?
-10101101101010000001
Convert -3242111 (base 7) to base 11.
-251226
Convert -65213 (base 16) to base 2.
-1100101001000010011
-1dcccd3 (base 14) to base 8
-71223351
1050224 (base 6) to base 7
311113
-5a6ab (base 16) to base 9
-624016
2020243141 (base 5) to base 10
4071671
707332 (base 14) to base 13
a26819
What is -24427057 (base 8) in base 9?
-11117804
What is -10354634 (base 7) in base 14?
-1916c4
Convert -3247420 (base 9) to base 11.
-a91415
11011010011001000100 (base 2) to base 15
12a0a7
What is 3db401 (base 14) in base 12?
8747a1
Convert -130214433 (base 5) to base 10.
-632493
What is 12003004 (base 5) in base 10?
109754
3134101114 (base 5) to base 7
106450450
What is -242260 (base 8) in base 11?
-574a4
Convert 3303311 (base 5) to base 6.
1114310
What is -295119 (base 16) in base 6?
-134011453
What is -1752b (base 16) in base 10?
-95531
What is 92634 (base 14) in base 7?
2665364
-31022321323 (base 4) to base 11
-1a48a42
Convert 110600612 (base 7) to base 5.
3203030424
What is 68513 (base 9) in base 5?
2424430
What is -365440 (base 7) in base 9?
-111524
3a26 (base 12) to base 6
50450
What is -102456 (base 9) in base 15?
-1308c
Convert 1764c6b (base 13) to base 11.
4327113
What is -21222201111211 (base 3) in base 8?
-20145065
Convert -1b3bac (base 13) to base 3.
-1022021001210
Convert 335233 (base 10) to base 6.
11104001
What is -6cf3f (base 16) in base 8?
-1547477
a957 (base 12) to base 15
57cd
What is 9b170c (base 13) in base 4?
31331113000
What is -14025043 (base 8) in base 9?
-5840828
Convert -162414 (base 16) to base 14.
-29ab2c
What is -1211c8 (base 14) in base 15?
-c309c
Convert 223313 (base 9) to base 10.
133662
Convert -23336385 (base 9) to base 5.
-10402034120
Convert 12021200111 (base 3) to base 14.
29c9b
282801 (base 9) to base 11
108824
Convert 1110011001110011 (base 2) to base 3.
2222221000
Convert -afb7c (base 16) to base 7.
-6055240
Convert -4030321 (base 5) to base 2.
-1111101111001101
Convert -5a8ba (base 12) to base 10.
-122254
What is 1a1c0b6 (base 13) in base 12?
2a65a25
30a4366 (base 11) to base 4
110312223210
Convert -201012002212 (base 3) to base 13.
-102bba
What is 2141322341 (base 5) in base 4?
101223311003
What is 5b961 (base 16) in base 4?
1123211201
What is -763c1 (base 14) in base 12?
-119705
What is 1c703 (base 13) in base 2?
1101101100101111
What is 91a84 (base 12) in base 10?
189892
What is b9338 (base 12) in base 5?
30302444
Convert -7907 (base 15) to base 3.
-1022012021
What is -16325558 (base 10) in base 14?
-224d794
Convert -5d63b (base 15) to base 12.
-124832
-37889 (base 12) to base 8
-223451
What is -12030131 (base 4) in base 15?
-77b8
-4003535 (base 6) to base 5
-21444400
What is 121120200200 (base 3) in base 4?
1033223133
-4e3b3c (base 15) to base 11
-2138139
-1313010 (base 4) to base 11
-57a8
Convert -10515155 (base 8) to base 3.
-11021012210000
-13029a (base 12) to base 9
-524201
What is -6864a9 (base 12) in base 2?
-110010111101101000001
12447b (base 13) to base 10
437981
What is 6254a77 (base 11) in base 10?
11031291
Convert -1016675 (base 8) to base 12.
-110139
Convert 21234232 (base 5) to base 16.
2c157
What is -102111110220 (base 3) in base 15?
-470e3
What is 17a28a (base 11) in base 8?
1035304
What is 4124442242 (base 5) in base 4?
200023313031
32711f (base 16) to base 10
3305759
What is -3533045 (base 6) in base 14?
-4abad
What is -663814 (base 9) in base 4?
-1200303130
Convert 1769bc (base 14) to base 3.
1112220212101
Convert -210a8a6 (base 12) to base 5.
-3044124413
103021135 (base 6) to base 16
1bcef3
Convert 3144324 (base 7) to base 5.
44142040
What is -18689a7 (base 12) in base 3?
-100121221020201
Convert 154303 (base 10) to base 9.
254587
136705 (base 12) to base 14
85701
2610013 (base 7) to base 6
11131211
What is -1101110110011111010 (base 2) in base 8?
-1566372
What is -2a52 (base 12) in base 15?
-1708
-493a8 (base 11) to base 5
-4233044
Convert 1001101100100101011 (base 2) to base 12.
133a63
What is 112010120131 (base 4) in base 14?
aa83c9
What is -15251062 (base 7) in base 15?
-